[INFO] cloning repository https://github.com/DominicSimone/image-fingerprint
[INFO] running `Command { std: "git" "-c" "credential.helper=" "-c" "credential.helper=/workspace/cargo-home/bin/git-credential-null" "clone" "--bare" "https://github.com/DominicSimone/image-fingerprint" "/workspace/cache/git-repos/https%3A%2F%2Fgithub.com%2FDominicSimone%2Fimage-fingerprint", kill_on_drop: false }`
[INFO] [stderr] Cloning into bare repository '/workspace/cache/git-repos/https%3A%2F%2Fgithub.com%2FDominicSimone%2Fimage-fingerprint'...
[INFO] running `Command { std: "git" "rev-parse" "HEAD", kill_on_drop: false }`
[INFO] [stdout] ec53240cc095f42c4dd00d26080da087e8ebd222
[INFO] checking DominicSimone/image-fingerprint against master#9610dfe5a9a731ced1ea4923ecbd0c57fe367898 for beta-170-4
[INFO] running `Command { std: "git" "clone" "/workspace/cache/git-repos/https%3A%2F%2Fgithub.com%2FDominicSimone%2Fimage-fingerprint" "/workspace/builds/worker-4-tc1/source", kill_on_drop: false }`
[INFO] [stderr] Cloning into '/workspace/builds/worker-4-tc1/source'...
[INFO] [stderr] done.
[INFO] validating manifest of git repo https://github.com/DominicSimone/image-fingerprint on toolchain 9610dfe5a9a731ced1ea4923ecbd0c57fe367898
[INFO] running `Command { std: CARGO_HOME="/workspace/cargo-home" RUSTUP_HOME="/workspace/rustup-home" "/workspace/cargo-home/bin/cargo" "+9610dfe5a9a731ced1ea4923ecbd0c57fe367898" "metadata" "--manifest-path" "Cargo.toml" "--no-deps", kill_on_drop: false }`
[INFO] started tweaking git repo https://github.com/DominicSimone/image-fingerprint
[INFO] finished tweaking git repo https://github.com/DominicSimone/image-fingerprint
[INFO] tweaked toml for git repo https://github.com/DominicSimone/image-fingerprint written to /workspace/builds/worker-4-tc1/source/Cargo.toml
[INFO] crate git repo https://github.com/DominicSimone/image-fingerprint already has a lockfile, it will not be regenerated
[INFO] running `Command { std: CARGO_HOME="/workspace/cargo-home" RUSTUP_HOME="/workspace/rustup-home" "/workspace/cargo-home/bin/cargo" "+9610dfe5a9a731ced1ea4923ecbd0c57fe367898" "fetch" "--manifest-path" "Cargo.toml", kill_on_drop: false }`
[INFO] [stderr]     Updating crates.io index
[INFO] [stderr]  Downloading crates ...
[INFO] [stderr]   Downloaded iced_futures v0.4.1
[INFO] [stderr]   Downloaded iced_core v0.5.0
[INFO] [stderr]   Downloaded iced_wgpu v0.5.1
[INFO] [stderr]   Downloaded iced_style v0.4.0
[INFO] [stderr]   Downloaded iced_graphics v0.3.1
[INFO] [stderr]   Downloaded iced_pure v0.2.2
[INFO] [stderr]   Downloaded rfd v0.8.4
[INFO] [stderr]   Downloaded wgpu_glyph v0.16.0
[INFO] [stderr]   Downloaded window_clipboard v0.2.3
[INFO] [stderr]   Downloaded iced_winit v0.4.0
[INFO] [stderr]   Downloaded clipboard_x11 v0.4.0
[INFO] [stderr]   Downloaded iced v0.4.2
[INFO] [stderr]   Downloaded iced_native v0.5.1
[INFO] running `Command { std: "docker" "create" "-v" "/var/lib/crater-agent-workspace/builds/worker-4-tc1/target:/opt/rustwide/target:rw,Z" "-v" "/var/lib/crater-agent-workspace/builds/worker-4-tc1/source:/opt/rustwide/workdir:ro,Z" "-v" "/var/lib/crater-agent-workspace/cargo-home:/opt/rustwide/cargo-home:ro,Z" "-v" "/var/lib/crater-agent-workspace/rustup-home:/opt/rustwide/rustup-home:ro,Z" "-e" "SOURCE_DIR=/opt/rustwide/workdir" "-e" "CARGO_TARGET_DIR=/opt/rustwide/target" "-e" "CARGO_HOME=/opt/rustwide/cargo-home" "-e" "RUSTUP_HOME=/opt/rustwide/rustup-home" "-w" "/opt/rustwide/workdir" "-m" "1610612736" "--user" "0:0" "--network" "none" "ghcr.io/rust-lang/crates-build-env/linux@sha256:19e73879b68f455e41552ea35293514db52ea292d993f571636dbffedb77a1ee" "/opt/rustwide/cargo-home/bin/cargo" "+9610dfe5a9a731ced1ea4923ecbd0c57fe367898" "metadata" "--no-deps" "--format-version=1", kill_on_drop: false }`
[INFO] [stdout] 7a3eb0610bfb1358757c201f12ee53888bf02e2daefc5cf356a824b0715f2273
[INFO] running `Command { std: "docker" "start" "-a" "7a3eb0610bfb1358757c201f12ee53888bf02e2daefc5cf356a824b0715f2273", kill_on_drop: false }`
[INFO] running `Command { std: "docker" "inspect" "7a3eb0610bfb1358757c201f12ee53888bf02e2daefc5cf356a824b0715f2273", kill_on_drop: false }`
[INFO] running `Command { std: "docker" "rm" "-f" "7a3eb0610bfb1358757c201f12ee53888bf02e2daefc5cf356a824b0715f2273", kill_on_drop: false }`
[INFO] [stdout] 7a3eb0610bfb1358757c201f12ee53888bf02e2daefc5cf356a824b0715f2273
[INFO] running `Command { std: "docker" "create" "-v" "/var/lib/crater-agent-workspace/builds/worker-4-tc1/target:/opt/rustwide/target:rw,Z" "-v" "/var/lib/crater-agent-workspace/builds/worker-4-tc1/source:/opt/rustwide/workdir:ro,Z" "-v" "/var/lib/crater-agent-workspace/cargo-home:/opt/rustwide/cargo-home:ro,Z" "-v" "/var/lib/crater-agent-workspace/rustup-home:/opt/rustwide/rustup-home:ro,Z" "-e" "SOURCE_DIR=/opt/rustwide/workdir" "-e" "CARGO_TARGET_DIR=/opt/rustwide/target" "-e" "CARGO_INCREMENTAL=0" "-e" "RUST_BACKTRACE=full" "-e" "RUSTFLAGS=--cap-lints=forbid" "-e" "RUSTDOCFLAGS=--cap-lints=forbid" "-e" "CARGO_HOME=/opt/rustwide/cargo-home" "-e" "RUSTUP_HOME=/opt/rustwide/rustup-home" "-w" "/opt/rustwide/workdir" "-m" "1610612736" "--user" "0:0" "--network" "none" "ghcr.io/rust-lang/crates-build-env/linux@sha256:19e73879b68f455e41552ea35293514db52ea292d993f571636dbffedb77a1ee" "/opt/rustwide/cargo-home/bin/cargo" "+9610dfe5a9a731ced1ea4923ecbd0c57fe367898" "check" "--frozen" "--all" "--all-targets" "--message-format=json", kill_on_drop: false }`
[INFO] [stdout] eed48f06934687ff07af96971637ca462e6ea90708cef2fead32633795c92caa
[INFO] running `Command { std: "docker" "start" "-a" "eed48f06934687ff07af96971637ca462e6ea90708cef2fead32633795c92caa", kill_on_drop: false }`
[INFO] [stderr]    Compiling libc v0.2.126
[INFO] [stderr]    Compiling pkg-config v0.3.25
[INFO] [stderr]    Compiling proc-macro2 v1.0.40
[INFO] [stderr]    Compiling unicode-ident v1.0.2
[INFO] [stderr]    Compiling quote v1.0.20
[INFO] [stderr]     Checking once_cell v1.13.0
[INFO] [stderr]    Compiling serde v1.0.139
[INFO] [stderr]    Compiling smallvec v1.9.0
[INFO] [stderr]    Compiling heck v0.4.0
[INFO] [stderr]    Compiling version-compare v0.1.0
[INFO] [stderr]    Compiling cfg-expr v0.10.3
[INFO] [stderr]    Compiling syn v1.0.98
[INFO] [stderr]    Compiling num-traits v0.2.15
[INFO] [stderr]    Compiling log v0.4.17
[INFO] [stderr]     Checking libloading v0.7.3
[INFO] [stderr]    Compiling memchr v2.5.0
[INFO] [stderr]    Compiling version_check v0.9.4
[INFO] [stderr]    Compiling xml-rs v0.8.4
[INFO] [stderr]    Compiling crossbeam-utils v0.8.10
[INFO] [stderr]     Checking lazy_static v1.4.0
[INFO] [stderr]    Compiling wayland-scanner v0.29.4
[INFO] [stderr]    Compiling wayland-sys v0.29.4
[INFO] [stderr]     Checking dlib v0.5.0
[INFO] [stderr]    Compiling crossbeam-epoch v0.9.9
[INFO] [stderr]     Checking num_cpus v1.13.1
[INFO] [stderr]     Checking getrandom v0.2.7
[INFO] [stderr]     Checking nix v0.22.3
[INFO] [stderr]    Compiling futures-core v0.3.21
[INFO] [stderr]     Checking cty v0.2.2
[INFO] [stderr]     Checking raw-window-handle v0.4.3
[INFO] [stderr]    Compiling futures-channel v0.3.21
[INFO] [stderr]    Compiling futures-task v0.3.21
[INFO] [stderr]    Compiling rayon-core v1.9.3
[INFO] [stderr]     Checking rand_core v0.6.3
[INFO] [stderr]    Compiling lock_api v0.4.7
[INFO] [stderr]     Checking pin-project-lite v0.2.9
[INFO] [stderr]     Checking scoped-tls v1.0.0
[INFO] [stderr]    Compiling futures-util v0.3.21
[INFO] [stderr]     Checking minimal-lexical v0.2.1
[INFO] [stderr]     Checking downcast-rs v1.2.0
[INFO] [stderr]     Checking ppv-lite86 v0.2.16
[INFO] [stderr]    Compiling parking_lot_core v0.8.5
[INFO] [stderr]     Checking futures-sink v0.3.21
[INFO] [stderr]     Checking nom v7.1.1
[INFO] [stderr]     Checking rand_chacha v0.3.1
[INFO] [stderr]     Checking crossbeam-deque v0.8.1
[INFO] [stderr]     Checking crossbeam-channel v0.5.5
[INFO] [stderr]    Compiling ahash v0.7.6
[INFO] [stderr]    Compiling wayland-client v0.29.4
[INFO] [stderr]    Compiling wayland-protocols v0.29.4
[INFO] [stderr]     Checking instant v0.1.12
[INFO] [stderr]    Compiling rayon v1.5.3
[INFO] [stderr]     Checking slab v0.4.6
[INFO] [stderr]     Checking byteorder v1.4.3
[INFO] [stderr]     Checking futures-io v0.3.21
[INFO] [stderr]     Checking rand v0.8.5
[INFO] [stderr]    Compiling toml v0.5.9
[INFO] [stderr]    Compiling tokio v1.20.0
[INFO] [stderr]    Compiling indexmap v1.9.1
[INFO] [stderr]     Checking either v1.7.0
[INFO] [stderr]     Checking xcursor v0.3.4
[INFO] [stderr]     Checking twox-hash v1.6.3
[INFO] [stderr]     Checking parking_lot v0.11.2
[INFO] [stderr]    Compiling ash v0.34.0+1.2.203
[INFO] [stderr]     Checking ttf-parser v0.15.2
[INFO] [stderr]     Checking termcolor v1.1.3
[INFO] [stderr]    Compiling system-deps v6.0.2
[INFO] [stderr]     Checking wayland-commons v0.29.4
[INFO] [stderr]     Checking bit-vec v0.6.3
[INFO] [stderr]     Checking unicode-width v0.1.9
[INFO] [stderr]     Checking hashbrown v0.12.2
[INFO] [stderr]    Compiling khronos-egl v4.1.0
[INFO] [stderr]    Compiling glib-sys v0.15.10
[INFO] [stderr]    Compiling gobject-sys v0.15.10
[INFO] [stderr]    Compiling thiserror-impl v1.0.31
[INFO] [stderr]    Compiling futures-macro v0.3.21
[INFO] [stderr]     Checking wayland-cursor v0.29.4
[INFO] [stderr]     Checking owned_ttf_parser v0.15.0
[INFO] [stderr]    Compiling bytemuck_derive v1.1.0
[INFO] [stderr]     Checking codespan-reporting v0.11.1
[INFO] [stderr]     Checking bit-set v0.5.2
[INFO] [stderr]     Checking hashbrown v0.11.2
[INFO] [stderr]     Checking spirv v0.2.0+1.5.4
[INFO] [stderr]    Compiling smithay-client-toolkit v0.16.0
[INFO] [stderr]     Checking gpu-alloc-types v0.2.0
[INFO] [stderr]     Checking iced_core v0.5.0
[INFO] [stderr]     Checking gpu-descriptor-types v0.1.1
[INFO] [stderr]    Compiling num-integer v0.1.45
[INFO] [stderr]    Compiling cfg_aliases v0.1.1
[INFO] [stderr]     Checking ab_glyph_rasterizer v0.1.5
[INFO] [stderr]     Checking hexf-parse v0.2.1
[INFO] [stderr]     Checking bytemuck v1.10.0
[INFO] [stderr]     Checking ab_glyph v0.2.15
[INFO] [stderr]    Compiling wgpu-core v0.12.2
[INFO] [stderr]     Checking gpu-descriptor v0.2.2
[INFO] [stderr]     Checking iced_style v0.4.0
[INFO] [stderr]     Checking gpu-alloc v0.5.3
[INFO] [stderr]    Compiling gdk-sys v0.15.1
[INFO] [stderr]     Checking thiserror v1.0.31
[INFO] [stderr]    Compiling gio-sys v0.15.10
[INFO] [stderr]     Checking naga v0.8.5
[INFO] [stderr]    Compiling atk-sys v0.15.1
[INFO] [stderr]     Checking fxhash v0.2.1
[INFO] [stderr]     Checking nix v0.24.1
[INFO] [stderr]     Checking memmap2 v0.5.5
[INFO] [stderr]    Compiling glam v0.10.2
[INFO] [stderr]     Checking wgpu-types v0.12.0
[INFO] [stderr]    Compiling miniz_oxide v0.4.4
[INFO] [stderr]    Compiling crc32fast v1.3.2
[INFO] [stderr]     Checking unicode-segmentation v1.9.0
[INFO] [stderr]     Checking glow v0.11.2
[INFO] [stderr]     Checking profiling v1.0.6
[INFO] [stderr]     Checking arrayvec v0.7.2
[INFO] [stderr]     Checking adler32 v1.2.0
[INFO] [stderr]     Checking inplace_it v0.3.3
[INFO] [stderr]     Checking renderdoc-sys v0.7.1
[INFO] [stderr]    Compiling cairo-sys-rs v0.15.1
[INFO] [stderr]    Compiling pango-sys v0.15.10
[INFO] [stderr]    Compiling gdk-pixbuf-sys v0.15.10
[INFO] [stderr]     Checking gethostname v0.2.3
[INFO] [stderr]     Checking approx v0.5.1
[INFO] [stderr]    Compiling x11-dl v2.19.1
[INFO] [stderr]    Compiling smithay-client-toolkit v0.15.4
[INFO] [stderr]     Checking futures-executor v0.3.21
[INFO] [stderr]    Compiling num-rational v0.3.2
[INFO] [stderr]     Checking futures v0.3.21
[INFO] [stderr]    Compiling num-iter v0.1.43
[INFO] [stderr]     Checking xi-unicode v0.3.0
[INFO] [stderr]     Checking iced_futures v0.4.1
[INFO] [stderr]     Checking linked-hash-map v0.5.6
[INFO] [stderr]     Checking iced_native v0.5.1
[INFO] [stderr]     Checking weezl v0.1.7
[INFO] [stderr]     Checking copyless v0.1.5
[INFO] [stderr]     Checking glyph_brush_draw_cache v0.1.5
[INFO] [stderr]     Checking glyph_brush_layout v0.2.3
[INFO] [stderr]     Checking x11rb v0.9.0
[INFO] [stderr]     Checking deflate v0.8.6
[INFO] [stderr]     Checking miniz_oxide v0.3.7
[INFO] [stderr]     Checking jpeg-decoder v0.1.22
[INFO] [stderr]     Checking iced_pure v0.2.2
[INFO] [stderr]    Compiling gtk-sys v0.15.3
[INFO] [stderr]     Checking calloop v0.9.3
[INFO] [stderr]     Checking memmap2 v0.3.1
[INFO] [stderr]     Checking ordered-float v3.0.0
[INFO] [stderr]    Compiling winit v0.26.1
[INFO] [stderr]     Checking color_quant v1.1.0
[INFO] [stderr]    Compiling serde_derive v1.0.139
[INFO] [stderr]     Checking gif v0.11.4
[INFO] [stderr]     Checking iced_graphics v0.3.1
[INFO] [stderr]     Checking glyph_brush v0.7.4
[INFO] [stderr]     Checking tiff v0.6.1
[INFO] [stderr]     Checking png v0.16.8
[INFO] [stderr]     Checking raw-window-handle v0.3.4
[INFO] [stderr]     Checking mio v0.8.4
[INFO] [stderr]     Checking euclid v0.22.7
[INFO] [stderr]     Checking percent-encoding v2.1.0
[INFO] [stderr]     Checking mutate_once v0.1.1
[INFO] [stderr]     Checking smithay-clipboard v0.6.6
[INFO] [stderr]     Checking scoped_threadpool v0.1.9
[INFO] [stderr]     Checking svg_fmt v0.4.1
[INFO] [stderr]     Checking image v0.23.14
[INFO] [stderr]     Checking clipboard_wayland v0.2.0
[INFO] [stderr]     Checking kamadak-exif v0.5.4
[INFO] [stderr]     Checking guillotiere v0.6.2
[INFO] [stderr]    Compiling serde_json v1.0.82
[INFO] [stderr]    Compiling rfd v0.8.4
[INFO] [stderr]     Checking ryu v1.0.10
[INFO] [stderr]     Checking itoa v1.0.2
[INFO] [stderr]     Checking clipboard-win v4.4.1
[INFO] [stderr]     Checking clipboard_x11 v0.4.0
[INFO] [stderr]     Checking window_clipboard v0.2.3
[INFO] [stderr]     Checking iced_winit v0.4.0
[INFO] [stderr]     Checking wgpu-hal v0.12.5
[INFO] [stderr]     Checking wgpu v0.12.0
[INFO] [stderr]     Checking wgpu_glyph v0.16.0
[INFO] [stderr]     Checking iced_wgpu v0.5.1
[INFO] [stderr]     Checking iced v0.4.2
[INFO] [stderr]     Checking image-fingerprint v0.2.0 (/opt/rustwide/workdir)
[INFO] [stdout] error[E0432]: unresolved imports `clipboard_win::formats`, `clipboard_win::get_clipboard`
[INFO] [stdout]  --> src/gui.rs:2:21
[INFO] [stdout]   |
[INFO] [stdout] 2 | use clipboard_win::{formats, get_clipboard};
[INFO] [stdout]   |                     ^^^^^^^  ^^^^^^^^^^^^^ no `get_clipboard` in the root
[INFO] [stdout]   |                     |
[INFO] [stdout]   |                     no `formats` in the root
[INFO] [stdout] 
[INFO] [stdout] 
[INFO] [stdout] error[E0432]: unresolved imports `clipboard_win::formats`, `clipboard_win::get_clipboard`
[INFO] [stdout]  --> src/gui.rs:2:21
[INFO] [stdout]   |
[INFO] [stdout] 2 | use clipboard_win::{formats, get_clipboard};
[INFO] [stdout]   |                     ^^^^^^^  ^^^^^^^^^^^^^ no `get_clipboard` in the root
[INFO] [stdout]   |                     |
[INFO] [stdout]   |                     no `formats` in the root
[INFO] [stdout] 
[INFO] [stdout] 
[INFO] [stdout] warning: unused import: `io::Write`
[INFO] [stdout]   --> src/gui.rs:18:40
[INFO] [stdout]    |
[INFO] [stdout] 18 | use std::{path::PathBuf, str::FromStr, io::Write};
[INFO] [stdout]    |                                        ^^^^^^^^^
[INFO] [stdout]    |
[INFO] [stdout]    = note: `#[warn(unused_imports)]` on by default
[INFO] [stdout] 
[INFO] [stdout] 
[INFO] [stdout] warning: unused import: `io::Write`
[INFO] [stdout]   --> src/gui.rs:18:40
[INFO] [stdout]    |
[INFO] [stdout] 18 | use std::{path::PathBuf, str::FromStr, io::Write};
[INFO] [stdout]    |                                        ^^^^^^^^^
[INFO] [stdout]    |
[INFO] [stdout]    = note: `#[warn(unused_imports)]` on by default
[INFO] [stdout] 
[INFO] [stdout] 
[INFO] [stdout] error[E0277]: the size for values of type `[u8]` cannot be known at compilation time
[INFO] [stdout]   --> src/gui.rs:90:47
[INFO] [stdout]    |
[INFO] [stdout] 90 |                 self.pasted_image = if let Ok(data) = get_clipboard(formats::Bitmap) {
[INFO] [stdout]    |                                               ^^^^ doesn't have a size known at compile-time
[INFO] [stdout]    |
[INFO] [stdout]    = help: the trait `Sized` is not implemented for `[u8]`
[INFO] [stdout]    = note: all local variables must have a statically known size
[INFO] [stdout]    = help: unsized locals are gated as an unstable feature
[INFO] [stdout] 
[INFO] [stdout] 
[INFO] [stdout] error[E0277]: the size for values of type `[u8]` cannot be known at compilation time
[INFO] [stdout]   --> src/gui.rs:90:47
[INFO] [stdout]    |
[INFO] [stdout] 90 |                 self.pasted_image = if let Ok(data) = get_clipboard(formats::Bitmap) {
[INFO] [stdout]    |                                               ^^^^ doesn't have a size known at compile-time
[INFO] [stdout]    |
[INFO] [stdout]    = help: the trait `Sized` is not implemented for `[u8]`
[INFO] [stdout]    = note: all local variables must have a statically known size
[INFO] [stdout]    = help: unsized locals are gated as an unstable feature
[INFO] [stdout] 
[INFO] [stdout] 
[INFO] [stdout] error[E0277]: the size for values of type `[u8]` cannot be known at compilation time
[INFO] [stdout]   --> src/gui.rs:90:44
[INFO] [stdout]    |
[INFO] [stdout] 90 |                 self.pasted_image = if let Ok(data) = get_clipboard(formats::Bitmap) {
[INFO] [stdout]    |                                            ^^^^^^^^ doesn't have a size known at compile-time
[INFO] [stdout]    |
[INFO] [stdout]    = help: the trait `Sized` is not implemented for `[u8]`
[INFO] [stdout] note: required by a bound in `std::prelude::v1::Ok`
[INFO] [stdout]   --> /rustc/9610dfe5a9a731ced1ea4923ecbd0c57fe367898/library/core/src/result.rs:506:5
[INFO] [stdout] 
[INFO] [stdout] 
[INFO] [stdout] error[E0277]: the size for values of type `[u8]` cannot be known at compilation time
[INFO] [stdout]   --> src/gui.rs:90:44
[INFO] [stdout]    |
[INFO] [stdout] 90 |                 self.pasted_image = if let Ok(data) = get_clipboard(formats::Bitmap) {
[INFO] [stdout]    |                                            ^^^^^^^^ doesn't have a size known at compile-time
[INFO] [stdout]    |
[INFO] [stdout]    = help: the trait `Sized` is not implemented for `[u8]`
[INFO] [stdout] note: required by a bound in `std::prelude::v1::Ok`
[INFO] [stdout]   --> /rustc/9610dfe5a9a731ced1ea4923ecbd0c57fe367898/library/core/src/result.rs:506:5
[INFO] [stdout] 
[INFO] [stdout] 
[INFO] [stdout] error[E0308]: mismatched types
[INFO] [stdout]   --> src/gui.rs:92:48
[INFO] [stdout]    |
[INFO] [stdout] 92 |                     image::Handle::from_memory(data)
[INFO] [stdout]    |                     -------------------------- ^^^^- help: try using a conversion method: `.to_vec()`
[INFO] [stdout]    |                     |                          |
[INFO] [stdout]    |                     |                          expected `Vec<u8>`, found `[u8]`
[INFO] [stdout]    |                     arguments to this function are incorrect
[INFO] [stdout]    |
[INFO] [stdout]    = note: expected struct `Vec<u8>`
[INFO] [stdout]                found slice `[u8]`
[INFO] [stdout] note: associated function defined here
[INFO] [stdout]   --> /opt/rustwide/cargo-home/registry/src/index.crates.io-6f17d22bba15001f/iced_native-0.5.1/src/image.rs:42:12
[INFO] [stdout]    |
[INFO] [stdout] 42 |     pub fn from_memory(bytes: Vec<u8>) -> Handle {
[INFO] [stdout]    |            ^^^^^^^^^^^
[INFO] [stdout] 
[INFO] [stdout] 
[INFO] [stdout] error[E0308]: mismatched types
[INFO] [stdout]   --> src/gui.rs:92:48
[INFO] [stdout]    |
[INFO] [stdout] 92 |                     image::Handle::from_memory(data)
[INFO] [stdout]    |                     -------------------------- ^^^^- help: try using a conversion method: `.to_vec()`
[INFO] [stdout]    |                     |                          |
[INFO] [stdout]    |                     |                          expected `Vec<u8>`, found `[u8]`
[INFO] [stdout]    |                     arguments to this function are incorrect
[INFO] [stdout]    |
[INFO] [stdout]    = note: expected struct `Vec<u8>`
[INFO] [stdout]                found slice `[u8]`
[INFO] [stdout] note: associated function defined here
[INFO] [stdout]   --> /opt/rustwide/cargo-home/registry/src/index.crates.io-6f17d22bba15001f/iced_native-0.5.1/src/image.rs:42:12
[INFO] [stdout]    |
[INFO] [stdout] 42 |     pub fn from_memory(bytes: Vec<u8>) -> Handle {
[INFO] [stdout]    |            ^^^^^^^^^^^
[INFO] [stdout] 
[INFO] [stdout] 
[INFO] [stdout] error: aborting due to 4 previous errors; 1 warning emitted
[INFO] [stdout] 
[INFO] [stdout] 
[INFO] [stdout] Some errors have detailed explanations: E0277, E0308, E0432.
[INFO] [stdout] 
[INFO] [stdout] error: aborting due to 4 previous errors; 1 warning emitted
[INFO] [stdout] 
[INFO] [stdout] 
[INFO] [stdout] For more information about an error, try `rustc --explain E0277`.
[INFO] [stdout] 
[INFO] [stdout] Some errors have detailed explanations: E0277, E0308, E0432.
[INFO] [stdout] 
[INFO] [stdout] For more information about an error, try `rustc --explain E0277`.
[INFO] [stdout] 
[INFO] [stderr] error: could not compile `image-fingerprint` (bin "image-fingerprint") due to 5 previous errors; 1 warning emitted
[INFO] [stderr] warning: build failed, waiting for other jobs to finish...
[INFO] [stderr] error: could not compile `image-fingerprint` (bin "image-fingerprint" test) due to 5 previous errors; 1 warning emitted
[INFO] running `Command { std: "docker" "inspect" "eed48f06934687ff07af96971637ca462e6ea90708cef2fead32633795c92caa", kill_on_drop: false }`
[INFO] running `Command { std: "docker" "rm" "-f" "eed48f06934687ff07af96971637ca462e6ea90708cef2fead32633795c92caa", kill_on_drop: false }`
[INFO] [stdout] eed48f06934687ff07af96971637ca462e6ea90708cef2fead32633795c92caa
